ivative of q**5/20 - q**3/6 - 2*q**2 + 24*q + 11. Determine t(h).
-4
Let s = 9236 + -9230. Let o(j) be the first derivative of -j**4/4 + 5*j**3/3 + 3*j**2 - 9*j + 1. What is o(s)?
-9
Let b(y) = y**3 + 3*y**2 - y - 1. Let v(c) = c**3 + 12*c**2 + 11*c - 4. Let p be v(-11). What is b(p)?
-13
Let k be 1*(1 + 1)/1. Let v(d) = 9*d**k + 7*d + 10*d + d**3 - 10*d. Give v(-8).
8
Let d(p) be the second derivative of -p**4/6 + p**3/2 + 5*p**2/2 - 33*p. Let l(c) = -2*c**2 + 3*c + 6. Let b(z) = 4*d(z) - 3*l(z). What is b(3)?
-7
Let d(v) = v**3 + 3*v**2 - v + 6. Suppose -5*y - 20 = -4*w, -2 - 6 = 2*y + 4*w. Calculate d(y).
-6
Let i be (1/(-3))/(5/(-3090)*2). Suppose -i = -g - 105. Let j(u) = 1. Let o(s) = 5*s + 1. Let z(l) = -j(l) + o(l). Give z(g).
-10
Let s(n) = 2*n + 2. Let w be (-26)/3 - (-2)/3. Let r be 4/w*(-9 - -3). Determine s(r).
8
Let a(t) = t**2 + t - 7. Let d(k) = -2*k**2 - k + 13. Let p(x) = 5*a(x) + 3*d(x). Suppose -7 - 2 = -3*r. Give p(r).
1
Let a(p) be the second derivative of p**3/6 + 9*p**2/2 + 48*p. Calculate a(-12).
-3
Let k(w) = 8*w**2 - 2*w + 3. Let u(b) = -5*b**2 + b - 2. Let t(z) = -3*k(z) - 5*u(z). Determine t(-3).
7
Let u(g) = -3*g**3 + g**2 + g - 1. Let l be u(1). Let w(o) = 26*o + 2. Let i(b) = 33*b + 3. Let m(d) = 4*i(d) - 5*w(d). Determine m(l).
-2
Let z(i) = 8*i - 13. Let r(j) = 74 + 53 - 107 - 11*j + 0*j. Let t(s) = -5*r(s) - 7*z(s). Let u be -2 + (-4)/1 - 0. What is t(u)?
-3
Let q be (-4)/(-1) + -9 + -1. Let r(t) = 2*t - 1. Let x(h) = -h + 1. Let p(j) = r(j) + 3*x(j). What is p(q)?
8
Let d be (7 + (-30)/3)*1/3. Let a(r) = 7*r**2 + 2*r. Give a(d).
5
Let m(z) = 6*z - 4. Let n(x) = -5*x + 5. Let i = -8 + 1. Let s = -28 - -22. Let o(l) = i*n(l) + s*m(l). What is o(0)?
-11
Let t(i) = 19*i**2 + 3*i. Let n(c) = 13*c**2 + 3*c - 2. Let w(b) = -3*n(b) + 2*t(b). Calculate w(-4).
2
Let c(x) be the first derivative of -x**3/3 - 9*x**2/2 + 3*x - 12. Suppose u - 5*v + 0 = 16, 0 = 3*u - 5*v + 2. Calculate c(u).
3
Let p be -2 + 0 + -6 + 1. Let g(r) = -r + 3. Determine g(p).
10
Let f(n) = -2*n - 9. Suppose -u + 4*u - 3 = 0. Let c = u + 4. Suppose -c*z - 42 = -7. Give f(z).
5
Suppose -2 + 0 = 2*s. Let u(h) be the third derivative of -7*h**4/8 - h**3/6 + 5*h**2. Give u(s).
20
Suppose d + 8 - 27 = -4*g, -d + 3*g = 16. Let l(r) be the second derivative of -11*r**4/12 + r**2/2 + r. Calculate l(d).
-10
Let q(a) = -2*a**3 + 2*a**2 - 1. Suppose 8*u = 2*u + 30. Suppose -25 = -u*g, -5*n - g + 0*g = -15. Give q(n).
-9
Let u(x) = x**3 + 8*x**2 - 10*x - 5. Suppose -2*g = -3*g - z - 3, 3*g - 3 = z. Suppose g = -p - 4*q + 7, p + 2*q - 10 = -q. Let n = p - 28. Determine u(n).
4
Let d(b) be the first derivative of -b**4/2 - 5*b**3 + 9*b**2/2 + 16*b + 283. Calculate d(-8).
8
Let x(u) = u**3 - 9*u**2 + 22*u - 63. Let t be x(7). Let h(m) = -3*m + 9*m - 5 + 4*m**2 - 3*m**2 + 0. Calculate h(t).
2
Let m(z) be the first derivative of z**3/3 - z**2/2 + z - 99. What is m(6)?
31
Let r(b) = -10*b + 6. Let o(v) = 3*v - 2. Let k(n) = -7*o(n) - 2*r(n). Let w(d) = 64*d - 197. Let y be w(3). Give k(y).
7
Let s = 353 + -355. Let n(b) = -4*b + 1. What is n(s)?
9
Suppose 15*r - 12*r = 6. Let k(w) = -2*w + 2*w**2 - 4*w**3 + 5*w**3 + r + w - 5. Determine k(-3).
-9
Let a(i) be the third derivative of -i**6/120 - 7*i**5/60 - i**4/4 + 5*i**3/6 - 2*i**2 - 72. Determine a(-6).
5
Let d(n) = -3*n**2 - 2*n + 1. Let m(i) = -i**2 - 1. Let f be (-9)/6*(1 - 1/(-3)). Let l(z) = f*m(z) + d(z). Give l(-3).
0
Let t(z) = 6*z - 1. Let g(h) = h**2 - 2*h - 11. Let i be g(4). Calculate t(i).
-19
Let v be (-16)/(-28)*14/4. Let g be 6*(v + (-24)/9). Let b(u) = -2*u + 2. Determine b(g).
10
Let p(k) = -2*k**3 - 6*k**2 + 2. Let s be p(-3). Suppose -2*i + 4*z - 4 = 12, 12 = s*i + 3*z. Let t(g) = g + 7. Give t(i).
7
Suppose -2*v = -4*h, -5*v + 0 = -10. Let q(b) = -330*b - 339*b + 679*b - 1. Give q(h).
9
Let o(m) = -m**2 - 7*m - 7. Let c = 6 - 12. Calculate o(c).
-1
Let v(p) be the first derivative of 0*p**2 + 5*p - 5 + 1/12*p**4 + 7/6*p**3. Let n(q) be the first derivative of v(q). What is n(-5)?
-10
Let u = 122 + -123. Suppose 0 = 2*i - 4*i. Let s = u + i. Let w(l) = -4*l**2. Calculate w(s).
-4
Let y(f) = -f**2 - 3. Suppose -3 = 4*r - 15. Let i be -2*r/(-6)*3. Calculate y(i).
-12
Let t(j) = -j**3 + 7*j**2 - 4*j + 3. Let p be t(6). Suppose 0 = -0*q + 4*q + 16, -5*c - 5*q - p = 0. Let m(i) = 3 - c + 3*i + i**2 - 2*i. What is m(0)?
2
Let d(q) = -q - 14. Suppose 0 = -7*j + 4*j + 3*h - 18, 6 = -2*h. What is d(j)?
-5
Suppose -99*u = -89*u. Let i(w) be the first derivative of -w**4/4 + w**3/3 - 4*w + 1. Give i(u).
-4
Let q(p) = p**2 - 17*p + 74. Suppose 10*r = 104 - 14. Determine q(r).
2
Let r = -9 + 17. Let a(v) = -r - 15*v**3 + 16*v**3 - 4*v - 3*v**2 - 2*v**2. Give a(6).
4
Let k(p) = 16*p**2 - 1 - 42*p**2 - p + 24*p**2. What is k(0)?
-1
Let r(l) = 27*l**2 + l + 1 - 27*l**2 - 2*l**3. Let s = 19 + -20. Determine r(s).
2
Suppose 4*u - 1 + 13 = 0. Let r(o) = -o**2 - 4*o - 1. Let z be r(u). Let f(g) be the second derivative of 5*g**3/6 + 110*g. Give f(z).
10
Let j(c) = c**2 - c - 4. Let u = -98 - -120. Suppose 0 = -h + 5, -3*o + o + u = 2*h. What is j(o)?
26
Let f(y) = -y**2 + 6*y - 5. Suppose -m + 4*m - 3*h - 195 = 0, 4*h + 50 = m. Let c = -40 + m. Suppose 3*t + c = 8*t. Determine f(t).
-5
Let n be -1*7 + 0 - 0. Let p(z) = z + 8. Let v(b) = 3*b + 24. Let c = 121 - 124. Let t(x) = c*v(x) + 8*p(x). Calculate t(n).
-1
Let z = 324 + -324. Let a(m) be the first derivative of 0*m**3 - 4 - m - 1/4*m**4 + z*m**2. What is a(1)?
-2
Suppose 0 = 27*k - 22*k - 15, 2*z - 19 = k. Let j(o) = o**2 - 14*o + 16. Give j(z).
-17
Suppose 6*h - 2*r = h + 8, -4*h + r + 7 = 0. Let x(g) be the second derivative of 3*g**3/2 - g**2/2 + g. Give x(h).
17
Let r(z) = z + 5. Let m(v) = 2*v**3 - v + 9. Let y be m(3). Let q = -67 + y. Give r(q).
-2
Suppose -7*j + 26 = 5. Let z(x) = -2*x - 4. Calculate z(j).
-10
Let v = -19 - -17. Let r be (-4)/(-2 + v) + 1. Let x(u) = 44 + u - 43 - r*u. What is x(3)?
-2
Let f(j) be the first derivative of j**4 - j**3 + j**2 - j - 187. What is f(2)?
23
Let w(l) be the first derivative of l**3/3 + l**2/2 - 5*l + 129. Give w(4).
15
Let c(v) = 2*v + 4. Let i(g) = g. Let t(x) = -3*c(x) + 3*i(x). Let p be t(-3). Let o(q) = q**2 + 3*q + 3. Determine o(p).
3
Let x(d) = d**3 - 3*d**2 - d - 2. Suppose 4*v - 11*v = -21. Let h be (2/v)/((-16)/(-72)). Calculate x(h).
-5
Let w(k) be the first derivative of k**2/2 + k - 66. What is w(-4)?
-3
Let m = -48 - -107. Suppose -m*u = -55*u - 4. Let h(x) = -x + 1. Give h(u).
0
Let r = 24 + -22. Let x be -3 + 3 - -4 - -1. Suppose -u + 5*u + 19 = k, -r*k = -x*u - 23. Let c(f) = f**2 + 5*f - 2. What is c(u)?
-2
Let n(f) = -5*f - 1. Suppose 5*b + 33 = i, -2*i + 3*b + 2*b + 41 = 0. Let m be (-27)/(-5) + 4/(-10). Suppose m*v + t + i = -1, -5 = -5*t. What is n(v)?
9
Let k(t) = -t**3 - 10*t**2 - 9*t + 3. Let a = -790 - -781. Determine k(a).
3
Let k(s) = 15 + s**2 + 29*s - 25*s - 14*s. What is k(7)?
-6
Let b(z) = 6*z + 12. Let w(g) = g + 1. Let j(p) = -b(p) + 12*w(p). Let k(i) = -i**3 + i**2 + i + 1. Let n be k(0). Suppose s - n = -0*s. Give j(s).
6
Let k be 2 - 0/(2 + 0). Let i(o) be the second derivative of 0 - o**2 + 4*o - 1/6*o**4 + 2/3*o**3. Calculate i(k).
-2
Let i(q) = -7*q + 18. Let j(k) = 6*k - 16. Let m(v) = 5*i(v) + 6*j(v). Determine m(-8).
-14
Let h(n) be the second derivative of n**5/20 - 2*n**4/3 + n**3/2 - 9*n**2 + 41*n. Let f be h(8). Let d(k) = -k**2 + 7*k - 6. Determine d(f).
0
Let k(d) = -d**3 - 6*d**2 - 4*d. Let g(v) = -v**3 - 7*v**2 - 5*v - 1. Suppose -3 - 21 = -4*x. Let c(o) = x*k(o) - 5*g(o). Calculate c(0).
5
Let g(a) be the third derivative of -a**7/840 - a**6/360 - a**5/60 - a**4/24 + 4*a**3 + 16*a**2. Let o(v) be the first derivative of g(v). Give o(-1).
1
Let m(a) = 73*a + 4 - 23*a - 25*a - 24*a. Calculate m(2).
6
Let w(b) = -b - 5. Let q(y) = 1. Let s(n) = 4*q(n) + w(n). Suppose 0 = 5*j, -16 = -4*x - 2*j + j. Let m be (x/(-10)*-2)/(2/(-10)). Calculate s(m).
3
Let m(q) = -q**3 + 9*q**2 + 12*q - 15. Let c = 250 + -240. Calculate m(c).
5
Suppose 3*z + 0*t - 36 = -t, -2*z = -t - 24. Let v = z + -21. Let x(m) be the first derivative of -m**2 - 13*m - 47. Give x(v).
5
Let r(j) = -3*j + 5. Suppose 0*k + 90 = 5*k. Suppose 4*u - 7*u - k = 0. Determine r(u).
23
Let f(j) = j +